2 - 94*p - 106. Determine d(-8).
-1274
Let z(c) = 5*c**2 + 197*c + 879. What is z(-34)?
-39
Let i(r) = -2*r**3 - 61*r**2 + 231*r - 78. What is i(-34)?
160
Let v(d) = 3*d**3 + 1606*d**2 - 1631*d - 299626. What is v(-536)?
-2
Let x(r) = -8537*r - 674445. Determine x(-79).
-22
Let s(j) = 28*j**2 - 15744*j + 47250. Give s(3).
270
Let l(f) = 53*f**2 - 78018*f + 2945. What is l(1472)?
1
Let w(d) = -3*d**2 - 67*d - 1121. What is w(-17)?
-849
Let w(o) = 2*o**2 - 202*o - 6619. Determine w(127).
-15
Let f(q) = -17*q**2 + 1574*q - 32745. Give f(61).
12
Let k(u) = -u**3 + 149*u**2 + 921*u + 1495. Calculate k(155).
100
Let w(n) = n**3 + 54*n**2 - 170*n + 201. What is w(-57)?
144
Let m(z) = z**2 - 604*z + 75976. Calculate m(179).
-99
Let f(x) = -3*x**3 + 83*x**2 - 24*x - 251. Give f(27).
559
Let d(n) = 10033*n - 30096. Determine d(3).
3
Let f(h) = -3*h**2 + 297*h - 4625. Give f(80).
-65
Let h(s) = -384*s - 9991. Determine h(-16).
-3847
Let d(l) = -543*l**2 + 14*l - 37. Calculate d(2).
-2181
Let x(w) = -1335*w - 3932. Calculate x(-3).
73
Let d(m) = -440*m**2 - 393350*m + 8939. Calculate d(-894).
-1
Let o(f) = -f**3 + 12*f**2 + 571*f - 1110. Determine o(-20).
270
Let d(y) = y**3 - 263*y**2 + 1588*y - 11528. Calculate d(257).
294
Let y(x) = 8*x**3 - 1303*x**2 - 152*x + 366. Calculate y(163).
2159
Let i(q) = -29*q**2 - 1265*q - 2018. Determine i(-42).
-44
Let v(a) = -a**2 + 635*a - 9433. Give v(15).
-133
Let n(w) = -w**3 + 35*w**2 + 224*w - 8969. What is n(34)?
-197
Let i(s) = -623437*s + 4364064. What is i(7)?
5
Let h(o) = 5*o**3 + 25*o**2 - 77*o - 34. Give h(3).
95
Let u(f) = 346*f**2 - 16964*f + 473. What is u(49)?
-17
Let o(f) = -8496*f + 11240243. Determine o(1323).
35
Let c(o) = -86*o - 17958. Calculate c(-199).
-844
Let m(i) = 7*i**2 - 9500*i - 86049. Determine m(-9).
18
Let h(r) = 6*r**3 - 19*r**2 + 38*r - 140. Determine h(7).
1253
Let c(s) = 4839*s + 1442019. Give c(-298).
-3
Let s(z) = -z**3 - 129*z**2 - 2004*z - 170. Determine s(-111).
496
Let p(i) = 3280*i + 17038. Determine p(-5).
638
Let m(w) = -2*w**3 + 26*w**2 + 367*w - 6. What is m(-9)?
255
Let b(r) = -10519*r - 133177. Give b(-13).
3570
Let f(j) = -364*j - 16097. Determine f(-44).
-81
Let y(r) = -31*r + 3424. Calculate y(110).
14
Let f(a) = a**2 - 64671*a - 1487970. Calculate f(-23).
-8
Let a(o) = -o**3 - 51*o**2 + 1163*o + 37381. Give a(-60).
1
Let l(a) = -389*a + 7912. Determine l(20).
132
Let y(u) = -47*u**2 + 33700*u - 733. Calculate y(717).
-16
Let f(k) = 28090*k + 28065. Calculate f(-1).
-25
Let d(o) = -8893*o + 62035. Determine d(7).
-216
Let c(p) = -5001*p + 154433. Determine c(31).
-598
Let l(w) = 111*w**2 - 4384*w - 21948. Give l(-5).
2747
Let o(c) = 38*c**3 - 5*c**2 + 55*c - 79. Calculate o(2).
315
Let y(t) = t**3 + 284*t**2 + 1045*t + 135724. Give y(-282).
82
Let t(q) = 29481*q - 176725. Give t(6).
161
Let n(l) = 351*l - 70580. What is n(203)?
673
Let d(w) = -11*w**3 + 5*w**2 + 8*w - 1. What is d(3)?
-229
Let j(m) = -32*m**2 + 5818*m + 837. What is j(182)?
-255
Let j(l) = l**2 + 507*l - 4060. Give j(8).
60
Let d(l) = 49*l**2 + 746*l + 111. Calculate d(-15).
-54
Let q(n) = 208*n**3 + 1038*n**2 + 6*n + 51. Give q(-5).
-29
Let o(i) = i**2 + 10936*i - 450055. Determine o(41).
2
Let v(w) = 6*w**2 + 53*w + 219. Calculate v(-8).
179
Let d(o) = -2*o**3 - 36*o**2 - 41*o - 1041. Give d(-18).
-303
Let n(g) = -2*g**3 + 220*g**2 + 7037*g + 4762. Calculate n(136).
2
Let z(a) = -13*a**2 + 121*a + 450. Calculate z(-3).
-30
Let q(x) = 59219*x - 5862687. Calculate q(99).
-6
Let h(c) = -15*c**3 - 52*c**2 + 9*c + 18. Give h(-3).
-72
Let g(l) = 6436*l + 38641. Determine g(-6).
25
Let j(t) = t**3 - 22*t**2 + 14*t + 1302. Give j(14).
-70
Let x(g) = g**3 + 20*g**2 - 57*g + 48. Calculate x(-22).
334
Let q(j) = -6*j**2 - 411*j + 5242. What is q(11)?
-5
Let d(n) = 4*n**3 - 117*n**2 + 489*n - 9. What is d(5)?
11
Let k(y) = 478*y + 3268. Give k(-6).
400
Let r(z) = -z**3 + 67*z**2 + 277*z + 495. Determine r(71).
-2
Let v(g) = -1252*g - 73874. Determine v(-59).
-6
Let m(n) = -106886*n + 641276. What is m(6)?
-40
Let t(b) = 626*b + 194684. Calculate t(-311).
-2
Let u(k) = 65*k**2 - 84*k + 3. What is u(2)?
95
Let n(q) = -q**2 - 38*q + 3244. What is n(-81)?
-239
Let n(j) = -1856*j + 10782. Give n(6).
-354
Let p(x) = -535505*x - 1070984. Calculate p(-2).
26
Let p(l) = 2*l**2 - 80*l - 4591. Give p(75).
659
Let s(t) = -2*t**3 + 7*t**2 + 74*t + 84. What is s(12)?
-1476
Let v(u) = u**3 - 7*u**2 - 505*u + 227. What is v(-20)?
-473
Let m(z) = -147*z + 5704. Give m(46).
-1058
Let g(x) = 1441*x + 7859. Calculate g(-6).
-787
Let m(h) = -h**2 - 106*h - 1906. Determine m(-58).
878
Let r(m) = 1301*m + 136605. Determine r(-105).
0
Let l(u) = -5*u**2 + 389*u - 3212. Determine l(67).
406
Let f(j) = -4*j**2 + 288*j + 95926. Calculate f(195).
-14
Let o(c) = -3*c**2 - 60*c - 263. What is o(-22)?
-395
Let y(b) = 18*b**3 - 147*b**2 + 48*b - 164. Give y(8).
28
Let o(k) = 2*k**3 - 857*k**2 + 35201*k - 505. What is o(46)?
1
Let i(d) = 1595*d + 18780. What is i(-12)?
-360
Let x(f) = -2144*f - 283036. Calculate x(-132).
-28
Let f(w) = -99416*w - 596862. Determine f(-6).
-366
Let m(u) = 7741*u + 162543. Give m(-21).
-18
Let j(b) = 84*b**2 + 360*b - 251. Calculate j(-5).
49
Let t(b) = 50*b - 563. Give t(51).
1987
Let p(t) = 7*t**2 + 271*t + 557. Determine p(-37).
113
Let a(c) = 14*c**2 - 5820*c + 52305. What is a(9)?
1059
Let g(q) = q**3 + 4*q**2 + 166*q + 851. Give g(-5).
-4
Let z(v) = 281517*v + 1970623. Calculate z(-7).
4
Let w(v) = 8034*v - 1807649. What is w(225)?
1
Let k(i) = i**2 - 109*i + 1488. Calculate k(17).
-76
Let f(z) = -836*z**2 - 178912*z - 1701. Determine f(-214).
11
Let h(t) = -87021*t - 1218317. Determine h(-14).
-23
Let p(q) = -12*q**2 + 475*q - 4081. Determine p(27).
-4
Let c(w) = w**3 + 283*w**2 + 3533*w - 52. Give c(-13).
-351
Let w(q) = -5*q**3 - 12*q**2 + 262*q + 331. Give w(10).
-3249
Let z(l) = l**2 - 37*l - 43131. Calculate z(227).
-1
Let w(y) = 880*y + 352437. Give w(-401).
-443
Let q(m) = m**3 - 4*m**2 + 18*m - 295. Calculate q(0).
-295
Let j(s) = 19*s**3 - 3231*s**2 + 253*s - 14004. What is j(170)?
106
Let w(a) = 3*a**2 + 614*a + 22805. Give w(-48).
245
Let z(p) = 45*p**2 - 4587*p - 270. What is z(102)?
36
Let c(i) = -i**3 + 22*i**2 + 3157*i - 92191. What is c(33)?
11
Let z(i) = i**3 + 9*i**2 - 3765*i - 13. What is z(57)?
-184
Let g(j) = j**2 - 598*j + 4956. What is g(8)?
236
Let o(w) = 27*w**2 + 203*w - 820. What is o(4)?
424
Let n(w) = -415414*w - 12462414. What is n(-30)?
6
Let b(j) = -4*j**3 + 32*j**2 - 23*j - 87. Calculate b(8).
-271
Let v(z) = 98001*z - 784081. Determine v(8).
-73
Let f(q) = -36*q**3 - 332*q**2 - 661*q + 7. Determine f(-2).
289
Let k(u) = 112*u**2 - 174*u + 89. Determine k(1).
27
Let l(f) = 33*f**2 + 3507*f + 28. What is l(-106)?
-926
Let n(q) = -774*q + 89779. Give n(116).
-5
Let j(a) = -29*a**2 + 20971*a + 188695. What is j(-9)?
-2393
Let z(a) = -a**3 - 1059*a**2 - 144580*a - 272. Give z(-161).
50
Let m(t) = -3*t**3 + 226*t**2 + 897*t + 258. Determine m(79).
2470
Let r(n) = -n**3 - 82*n**2 - 886*n + 48. Determine r(-13).
-95
Let d(f) = f**2 + 107663*f + 3013787. What is d(-28)?
7
Let d(o) = -o**2 - 962*o - 64891. Determine d(-73).
6
Let z(d) = -8*d**2 - 562*d - 6992. Determine z(-13).
-1038
Let c(g) = g**3 + 25*g**2 + 576*g + 8992. Calculate c(-16).
2080
Let o(s) = -32316*s - 646323. Give o(-20).
-3
Let s(h) = -35*h**3 - 2*h**2 - 12*h + 24. Calculate s(2).
-288
Let m(b) = b**2 + 83308*b + 666417. Give m(-8).
17
Let r(m) = 1214*m - 6897. Determine r(7).
1601
Let q(h) = 4*h**3 - 145*h**2 + 219*h + 185. Give q(35).
1725
Let j(d) = d**3 - 4*d**2 - 23273*d + 139569. What is j(6)?
3
Let v(y) = 987*y + 6030. Determine v(-7).
-879
Let n(s) = -3*s**3 - 292*s**2 - 377*s + 250. Give n(-96).
-422
Let b(m) = 2*m**3 + 262*m**2 + 133*m + 52358. Give b(-132).
-46
Let v(a) = 5354*a - 31848. Give v(6).
276
Let l(o) = -23*o**2 + 5687*o + 4175. Give l(248).
-41
Let y(l) = -l**3 - 524*l**2 - 15301*l - 9079. Calculate y(-493).
-205
Let h(p) = 5044*p - 20164. Calculate h(4).
12
Let o(z) = 27*z**2 - 3127*z - 10134. Give o(119).
100
Let v(x) = x**3 + 69*x**2 + 446*x + 498. What is v(-62)?
-246
Let z(j) = -11*j - 538. Give z(47).
-1055
Let j(q) = -q**3 - 30*q**2 - 119*q - 6. Calculate j(-6).
-156
Let t(s) = 